3303 composite?
True
Is 64474468103 a composite number?
False
Is 227107633 prime?
False
Is 661707663 composite?
True
Is 1344839009 a prime number?
False
Is 746026471 a composite number?
False
Is 10666976861 a prime number?
False
Is 2138916463 prime?
True
Is 20175441443 prime?
True
Is 4234480009 a prime number?
True
Is 5858873987 a composite number?
False
Is 51284221 a prime number?
True
Is 9797685701 a prime number?
False
Is 153576767 a composite number?
False
Is 1248274771 prime?
True
Is 41258584517 a composite number?
False
Is 83462208877 a composite number?
False
Is 5038529047 composite?
False
Is 3814658371 composite?
False
Is 1168681651 composite?
True
Is 34932849803 a composite number?
True
Is 12161580721 a prime number?
False
Is 366721717 a composite number?
True
Is 5089616003 a composite number?
True
Is 2811362381 a prime number?
False
Is 42078298627 a composite number?
False
Is 1610358419 prime?
True
Is 208975901 a prime number?
True
Is 47008955699 a prime number?
False
Is 36089497121 prime?
True
Is 1292632841 prime?
True
Is 780876353 a composite number?
True
Is 2349108341 prime?
True
Is 50418943259 prime?
False
Is 764448697 a prime number?
False
Is 39718969 a prime number?
False
Is 7792443517 composite?
False
Is 3168392987 prime?
True
Is 4608579817 composite?
False
Is 9855112043 a prime number?
False
Is 174676883 a composite number?
False
Is 1411803331 composite?
False
Is 139539563 prime?
True
Is 1220045857 a prime number?
True
Is 10193581607 composite?
True
Is 763369787 composite?
False
Is 556712421 a composite number?
True
Is 531754313 composite?
True
Is 42182474011 composite?
True
Is 878316529 a composite number?
False
Is 93924671 a composite number?
True
Is 1384130389 prime?
True
Is 68567231263 composite?
True
Is 25874201759 a composite number?
True
Is 42665309 a prime number?
True
Is 146188085 composite?
True
Is 34694151721 a composite number?
False
Is 2250656071 a prime number?
True
Is 2032110961 a composite number?
False
Is 1777036543 a composite number?
False
Is 931696201 a prime number?
False
Is 11250327977 composite?
True
Is 21791753497 a composite number?
True
Is 2795507389 a composite number?
True
Is 13733210947 a composite number?
False
Is 304886495 a composite number?
True
Is 187238081 a composite number?
True
Is 9654021227 composite?
False
Is 30115480319 a prime number?
True
Is 9075183521 a composite number?
True
Is 18524602807 a composite number?
False
Is 17826140693 composite?
False
Is 216976783 composite?
False
Is 1623627839 a composite number?
True
Is 22102978 prime?
False
Is 615354279 a composite number?
True
Is 94898112893 prime?
False
Is 9580354523 a prime number?
True
Is 12184163227 composite?
False
Is 12237455557 a composite number?
False
Is 2482425613 composite?
True
Is 769310029 a composite number?
False
Is 25657569719 a composite number?
True
Is 8227363447 prime?
False
Is 3689037083 a prime number?
True
Is 76533080047 a prime number?
False
Is 3245137081 a prime number?
False
Is 3854987215 a prime number?
False
Is 1325462291 a composite number?
False
Is 81026290447 prime?
True
Is 5244755869 a prime number?
True
Is 10743451 a composite number?
False
Is 5017267531 prime?
False
Is 3468644841 prime?
False
Is 823428527 composite?
False
Is 213024173 composite?
True
Is 4020578579 a prime number?
True
Is 3991876171 prime?
False
Is 24352375169 prime?
False
Is 84374014 composite?
True
Is 19662921107 a prime number?
True
Is 12098251447 a composite number?
True
Is 2168206447 composite?
True
Is 93580108079 prime?
True
Is 117113533723 composite?
False
Is 6396259027 a composite number?
True
Is 1221646033 prime?
False
Is 61126655077 a prime number?
False
Is 77510336135 a prime number?
False
Is 1604290451 composite?
False
Is 3399163477 a composite number?
False
Is 15152192821 a prime number?
True
Is 2610847853 composite?
True
Is 41459702899 prime?
True
Is 20424568559 a prime number?
True
Is 4912099783 a composite number?
False
Is 231900898289 composite?
True
Is 1093169653 composite?
False
Is 246454281847 composite?
False
Is 36219620471 prime?
True
Is 36928025885 prime?
False
Is 1335832699 composite?
True
Is 49634084891 prime?
True
Is 4053575193 a prime number?
False
Is 273036745041 a composite number?
True
Is 21131485685 prime?
False
Is 478505699507 a prime number?
False
Is 268669337 a composite number?
False
Is 646962997 composite?
True
Is 2761277197 prime?
False
Is 11477550011 prime?
False
Is 350665089 composite?
True
Is 1253682403 prime?
False
Is 11311866193 a prime number?
False
Is 122636071 composite?
False
Is 334102226519 prime?
False
Is 8212360138 a composite number?
True
Is 18401405303 a prime number?
False
Is 424288339 composite?
True
Is 620584547 a prime number?
False
Is 544928299 prime?
False
Is 17685001667 a prime number?
True
Is 528663403 composite?
True
Is 1339439357 a composite number?
False
Is 5559518947 a prime number?
False
Is 16823713 prime?
True
Is 1423212313 prime?
True
Is 22818753163 a composite number?
False
Is 227890193 prime?
False
Is 300342335881 composite?
True
Is 3955338089 a prime number?
False
Is 159648623 a composite number?
False
Is 72017971093 a composite number?
False
Is 734642561 a composite number?
False
Is 145500699479 prime?
True
Is 1384317247 prime?
True
Is 20838557473 a composite number?
False
Is 11093664961 prime?
True
Is 86643722071 a prime number?
True
Is 5413260667 prime?
False
Is 1468777979 a composite number?
True
Is 472854077 a prime number?
False
Is 4530965419 composite?
False
Is 1340957581 prime?
True
Is 21383023105 composite?
True
Is 5774555701 composite?
True
Is 3961227849 composite?
True
Is 3005225227 a prime number?
True
Is 15537670597 composite?
False
Is 5068287071 a composite number?
False
Is 867702091 composite?
False
Is 174052427 composite?
False
Is 9084037939 composite?
True
Is 2179709929 a prime number?
False
Is 90140904041 a prime number?
False
Is 2748471599 prime?
True
Is 8259404717 composite?
False
Is 324844563011 composite?
False
Is 26299424953 composite?
True
Is 101745293 a prime number?
False
Is 534446363 a composite number?
True
Is 286432451 composite?
False
Is 1834925269 a composite number?
False
Is 134826672399 a composite number?
True
Is 305777033 a composite number?
True
Is 2504076221 a prime number?
True
Is 3076354607 prime?
True
Is 648030611 prime?
True
Is 145678296217 a prime number?
True
Is 1205925509 a prime number?
False
Is 46569953315 a composite number?
True
Is 9185946071 a composite number?
True
Is 3269512031 prime?
False
Is 7419633763 a prime number?
True
Is 52962339107 composite?
False
Is 1551480211 a composite number?
True
Is 913554419 a prime number?
True
Is 806394803 composite?
True
Is 4982429369 a prime number?
False
Is 55789372281 prime?
False
Is 45555614059 a prime number?
False
Is 452790649 a composite number?
False
Is 172683522421 a prime number?
True
Is 185110791119 a prime number?
True
Is 40075558603 a prime number?
True
Is 186143927 prime?
True
Is 1407833774 composite?
True
Is 1567694017 prime?
True
Is 6636249953 prime?
True
Is 7673657987 a prime number?
False
Is 1899399751 prime?
True
Is 1494457883 a prime number?
False
Is 176610542309 prime?
True
Is 30849738769 a composite number?
True
Is 37223137789 prime?
True
Is 9022889119 a prime number?
False
Is 14330897597 prime?
False
Is 39466550789 a prime number?
True
Is 292722461 a composite number?
False
Is 59109481 prime?
True
Is 36060680827 prime?
True
Is 23463914401 prime?
True
Is 6437825437 prime?
True
Is 9578695085 a composite number?
True
Is 273764995419 composite?
True
Is 476159599 a prime number?
False
Is 30508500941 a prime number?
True
Is 33062844209 a composite number?
True
Is 962822141 composite?
False
Is 52766216905 prime?
False
Is 4423736593 a composite number?
False
Is 1781459341 composite?
True
Is 1082466597 a composite number?
True
Is 12816300989 a prime number?
False
Is 7105642681 prime?
True
Is 1488155539 a composite number?
True
Is 248563597 prime?
False
Is 1252052173 prime?
False
Is 2821942623 a prime number?
False
Is 370259689 a composite number?
False
Is 254450737813 prime?
True
Is 16106521 a composite number?
True
Is 10805632217 a prime number?
False
Is 3348296689 a composite number?
False
Is 74346851353 a composite number?
False
Is 25108702603 a composite numb